n base 9, what is -68 + 10?
-58
In base 14, what is 4a1bb + 0?
4a1bb
In base 16, what is -f985 - 0?
-f985
In base 10, what is 24831 + 1?
24832
In base 15, what is 2 - -c430a?
c430c
In base 2, what is 11000000 + 0?
11000000
In base 3, what is 1000221021002 + 0?
1000221021002
In base 15, what is 1 + -238b?
-238a
In base 6, what is 51 - 5402?
-5311
In base 14, what is 28 + ca1d?
ca47
In base 5, what is -4313100 - -330?
-4312220
In base 9, what is 21134 - -14?
21148
In base 7, what is 0 + -4645?
-4645
In base 8, what is -1422 + -63?
-1505
In base 6, what is -223 + -10213?
-10440
In base 15, what is 1cd + -1aba?
-18dc
In base 2, what is 100010100100111 - 110?
100010100100001
In base 13, what is -2b26 + -26?
-2b4c
In base 14, what is 2 + -7578?
-7576
In base 15, what is 9 - 23d1?
-23c7
In base 12, what is 2834 - -1b?
2853
In base 10, what is -786 + 6?
-780
In base 16, what is -aac - -17?
-a95
In base 15, what is -3 - 4a77?
-4a7a
In base 5, what is -4 - 11003?
-11012
In base 2, what is -101010100010111 - 10011?
-101010100101010
In base 9, what is 35250 + 7?
35257
In base 9, what is -2215 - -1722?
-383
In base 6, what is 0 - -40553?
40553
In base 14, what is 23365 - 1?
23364
In base 14, what is -8 - -876d1?
876c7
In base 13, what is 428 + -c0c?
-7b4
In base 6, what is 23341152 - -2?
23341154
In base 16, what is 0 + 697c?
697c
In base 4, what is 1013002 + 10322?
1023330
In base 3, what is 111102112022 - -12?
111102112111
In base 5, what is -3 + 2103412?
2103404
In base 8, what is 3 + 11430?
11433
In base 15, what is b0 + -404?
-344
In base 3, what is -22012 + -110?
-22122
In base 15, what is -3c71 + 1?
-3c70
In base 2, what is -1111010111 - -100010?
-1110110101
In base 4, what is -10 + -102032231?
-102032301
In base 3, what is 210102200 + -12200?
210020000
In base 7, what is -306500 + 3?
-306464
In base 8, what is -11233 - 5?
-11240
In base 15, what is 22bd2 + -9?
22bc8
In base 4, what is -1 - -2211021?
2211020
In base 9, what is 0 + -325826?
-325826
In base 5, what is -4320 - -1000?
-3320
In base 16, what is 0 - 99ef?
-99ef
In base 7, what is -2140 + -2364?
-4534
In base 15, what is -b9c + -10c?
-ca9
In base 6, what is -3111 - 223?
-3334
In base 11, what is 76 - -3098?
3163
In base 13, what is 5 + 59a7?
59ac
In base 8, what is -76762 + 2?
-76760
In base 8, what is -713 - 77?
-1012
In base 16, what is 301 + -5d?
2a4
In base 9, what is -21 + -1740?
-1761
In base 7, what is 3204 - -52?
3256
In base 2, what is 110110000100001 + 10?
110110000100011
In base 9, what is -214 - -38853?
38638
In base 15, what is 347 - -26?
36d
In base 6, what is 3100 + 2?
3102
In base 9, what is -402086 - -4?
-402082
In base 15, what is -15 - 1358?
-136d
In base 5, what is 1111121 - -3?
1111124
In base 16, what is 15 + -15?
0
In base 5, what is 134 - -440440?
441124
In base 8, what is 35 + 2112?
2147
In base 11, what is 0 - -4935?
4935
In base 13, what is 1102 + 12?
1114
In base 8, what is 306 - 11251?
-10743
In base 10, what is 6 + -225736?
-225730
In base 10, what is 4 - 204432?
-204428
In base 9, what is 2347 - -41?
2388
In base 11, what is aa44 - -2?
aa46
In base 14, what is -1393d - -2?
-1393b
In base 16, what is 4 - -236a?
236e
In base 16, what is -171b - 4?
-171f
In base 14, what is -7 + -248ab?
-248b4
In base 12, what is -144 - 35ab?
-3733
In base 7, what is -556 - 1522?
-2411
In base 7, what is -4134 + -66?
-4233
In base 3, what is -12 - 11210201?
-11210220
In base 9, what is -17678 - -26?
-17652
In base 11, what is 0 + -952?
-952
In base 14, what is -7 + baa2?
ba99
In base 16, what is 5 + 64bce?
64bd3
In base 3, what is 102021 - 100110?
1211
In base 5, what is 2 - -33400?
33402
In base 16, what is -2fb + -5b7?
-8b2
In base 11, what is 2350 + 39?
2389
In base 14, what is -38 + 1656?
161c
In base 16, what is 6f + 4ad?
51c
In base 6, what is 2 - 1145154?
-1145152
In base 10, what is -16 - 2823?
-2839
In base 10, what is 181 - 201?
-20
In base 9, what is -653811 + 1?
-653810
In base 16, what is 3a8 - -5b?
403
In base 12, what is -2a15 - -133?
-28a2
In base 15, what is -b - -113a8?
1139c
In base 11, what is 1 + -4880a6?
-4880a5
In base 14, what is 589d - -4?
58a3
In base 10, what is 233 - 722?
-489
In base 3, what is 22211201 + -1?
22211200
In base 3, what is 22122 + -111111201?
-111012002
In base 13, what is 161 + -149a?
-1339
In base 14, what is -6 + -33a?
-342
In base 2, what is 1001000010101000000 - -111?
1001000010101000111
In base 3, what is -10 + 21211002012?
21211002002
In base 10, what is 17 + 2553?
2570
In base 6, what is -432 + 5311?
4435
In base 7, what is 0 - -2234336?
2234336
In base 7, what is 165 + -2211?
-2013
In base 4, what is 210021103 + -10?
210021033
In base 9, what is 2402 - 22?
2370
In base 3, what is 1221111 - -22211?
2021022
In base 8, what is -64 + 12337?
12253
In base 10, what is -363 - -1002?
639
In base 9, what is -1 - -14510?
14508
In base 3, what is -11010 - -1201101?
1120021
In base 6, what is 20 + -422541?
-422521
In base 9, what is -17445 + -10?
-17455
In base 9, what is -111 - -1582?
1471
In base 13, what is 213b + 3b?
2179
In base 10, what is 5 - -7039?
7044
In base 11, what is -3068 + -5?
-3072
In base 4, what is -233020 - 23?
-233103
In base 13, what is 234b + -146?
2205
In base 15, what is -698c - 3c?
-69c9
In base 4, what is 31022 - 20222?
10200
In base 3, what is 11 + 1110100020?
1110100101
In base 3, what is 112000001000 - 1?
112000000222
In base 11, what is 486 - -68?
543
In base 11, what is -2a - -1024a?
10220
In base 9, what is 3657 - 188?
3458
In base 4, what is -111111333 + 12?
-111111321
In base 4, what is -102020321 + -2?
-102020323
In base 11, what is -8735 - -1?
-8734
In base 13, what is -2 + 85151?
8514c
In base 2, what is 1000011010010001111 - -1?
1000011010010010000
In base 13, what is -1b - -2649?
262b
In base 8, what is -1 + -75631?
-75632
In base 12, what is 969 - 231?
738
In base 2, what is -101 + 100010100001000?
100010100000011
In base 9, what is 6 - 110762?
-110755
In base 15, what is -a1bb5 - 3?
-a1bb8
In base 13, what is -7 + -5559?
-5563
In base 5, what is 1 + -344341?
-344340
In base 5, what is 10 + 1100031?
1100041
In base 6, what is -150224 + 4?
-150220
In base 13, what is -3 + 15c55?
15c52
In base 7, what is -202110 + 5?
-202102
In base 2, what is 110000 + -110010011?
-101100011
In base 15, what is 203 + 327?
52a
In base 3, what is 102211221011201 + 2?
102211221011210
In base 9, what is 2 - -1558?
1561
In base 10, what is -45885 - -21?
-45864
In base 10, what is -120 - 272?
-392
In base 16, what is -5 + -615b?
-6160
In base 2, what is -100100101011101 - 10111?
-100100101110100
In base 13, what is -13 + b1ba?
b1a7
In base 4, what is -1110313 + 12?
-1110301
In base 2, what is -111110011 - -101111000?
-1111011
In base 7, what is -2 + -1016313?
-1016315
In base 11, what is 324a + 72?
3311
In base 4, what is -30322 + -2332?
-33320
In base 2, what is -10 + -110010110110011?
-110010110110101
In base 10, what is -10 + -7824?
-7834
In base 11, what is -462 - 171?
-623
In base 15, what is 48 - 4071?
-4028
In base 15, what is 21 - -2d460?
2d481
In base 16, what is 1 + 14bcb1?
14bcb2
In base 3, what is -2212122 - 112?
-2220011
In base 14, what is 55b1 + -5?
55aa
In base 12, what is 10b9 + -3?
10b6
In base 8, what is -6704 - 11?
-6715
In base 11, what is -9443 - -70?
-9383
In base 12, what is 15397 + -73?
15324
In base 9, what is -2152 + 520?
-1532
In base 15, what is -327d - -5c?
-3221
In base 7, what is -2 - -2354542?
2354540
In base 10, what is -152945 + 6?
-152939
In base 16, what is -495 + 17?
-47e
In base 6, what is 122 + -10154?
-10032
In base 10, what is -231 + -172?
-403
In base 9, what is 55885 - 38?
55846
In base 6, what is -2224150 + -22?
-2224212
In base 7, what is 22161232 - 1?
22161231
In base 13, what is 73 + -1358?
-12b5
In base 13, what is 91 + -2c0?
-22c
In base 7, what is -2555 - 210?
-3065
In base 16, what is 18 + -5c5e?
-5c46
In base 6, what is 2 + -3043311?
-3043305
In base 8, what is -12320641 - -4?
-12320635
In base 15, what is -3 - 575ea?
-575ed
In base 7, what is 1165314 + -20?
1165264
In base 12, what is 2483 - 55?
242a
In base 2, what is 10000000111001011011 + 1?
10000000111001011100
In base 9, what is 135461 + 5?
135466
In base 3, what is -201 + 1200002120?
1200001212
In base 4, what